 - -1.
2
What is the value of 3 + 9 + -11 - 6?
-5
What is (-26 - -20) + 1 + 9?
4
4 - (-3 + 2 + 0)
5
-3 - (-9 - (-4 - 1) - -5)
-4
Calculate 0 + 3 + (-1 - (0 - -1)).
1
What is the value of (3 + -4 - 4) + 1?
-4
Calculate -4 - -4 - (1 + 0 - 4).
3
Calculate (-6 + (-6 - -6) - 0) + 2.
-4
What is the value of 2 - (-6 + -2 - -5)?
5
What is the value of -1 + 11 + 3 + -8?
5
What is the value of 1 - -3 - (12 - 11)?
3
What is -6 - (-4 + 3) - -2 - 1?
-4
Evaluate 9 + -15 + (9 - -1).
4
Evaluate 1 + -1 + -1 + 6.
5
Evaluate (-17 - -18) + (4 - (0 - 1)).
6
Calculate -32 + 35 + (-1 - 3).
-1
Calculate 7 + (1 - (-2 - -1)) - 4.
5
What is the value of (-8 - -2) + 7 + -5 + 0?
-4
What is the value of 0 - ((-3 - -9) + -3)?
-3
(-1 - 2) + -10 + 15
2
What is 4 + -1 + -4 - 3 - -3?
-1
-2 - (5 + -9) - 2
0
What is (-6 - -4) + (3 - -4) + -11?
-6
-1 + 0 - (-4 + -1)
4
Calculate 6 + -6 + 2 + 8 + -6.
4
Calculate 96 + -80 + (-10 - 1).
5
What is the value of 12 - (15 - (0 + 7))?
4
What is (-2 - (2 + -6)) + -4?
-2
Calculate (-4 + -4 + 10 - -3) + -4.
1
1 - (0 + (-5 - 0 - -10))
-4
Calculate 0 + (-2 - (-2 + 4) - -6).
2
Calculate -2 + (8 - (10 - 11)).
7
Evaluate (4 - (-7 + 12)) + 6.
5
What is 6 + -6 + 0 + (6 - 6)?
0
Calculate 2 - (-5 - -1 - (-6 - 3)).
-3
Evaluate (2 - (5 - 3)) + -3.
-3
Evaluate 0 - (-3 + 8 + -1 + -2).
-2
-1 + 0 + 4 + -8 + 7
2
Calculate -1 + 3 - (2 - 0).
0
Calculate -3 + (9 - (12 - 3)).
-3
Calculate -2 + 6 + -4 + 0 + 2.
2
Evaluate (-21 - -16) + 0 + 10 + -5.
0
Calculate -3 - (-8 + 3) - -3.
5
What is the value of -20 + 18 + (2 - 5) - -3?
-2
Evaluate -14 + 22 + -15 + 8.
1
What is the value of -5 + (3 + -3 - 0)?
-5
What is the value of (-1 + -1 - (3 + -5)) + 4?
4
What is the value of (-7 - -4) + -1 + 4?
0
What is the value of -1 + 5 + (7 - 13)?
-2
What is the value of 5 + 2 - (-4 - -7)?
4
What is 3 - (3 - (5 - 11))?
-6
What is -5 - (1 + (-4 - 2))?
0
What is 8 + -2 + 4 + -14?
-4
-7 + (8 - -2 - 6)
-3
Calculate 0 + (5 - 8) + 8.
5
Evaluate 8 + -1 + (-16 - -14).
5
-1 - -5 - (-18 + 26) - -1
-3
What is -10 + (-1 - -9) + -6?
-8
Evaluate 1 - (-2 + 2 - 1 - -3).
-1
What is (-3 - -1) + (2 - 1)?
-1
Calculate 73 + -77 + (8 - 0).
4
Calculate 2 + (-7 - 1 - -2).
-4
Calculate (-1 - (4 + -1)) + -1 - -1.
-4
(4 - 2) + (-7 - 0)
-5
What is 4 + 4 + -9 + 1?
0
What is the value of -1 - 0 - 4 - (-4 - 2)?
1
7 + -2 + -6 - 7
-8
What is the value of 3 - ((0 + 3 - 3) + 1)?
2
What is -14 - (-26 - -10) - (-5 - -1)?
6
Evaluate (-2 - -7) + -5 + (-5 - -12).
7
Calculate 2 + 1 - (-4 + 3).
4
Calculate -9 + 4 - (-1 + 2 - 1).
-5
What is -1 - (-6 - -11) - -6?
0
What is the value of -4 + 7 + -3 + 1 + 1?
2
Evaluate -2 + (-3 - (-10 - 5)) + -5.
5
What is -1 - 0 - (8 + -6 + 2)?
-5
Calculate (2 - (-9 - -7)) + 5.
9
Calculate 11 + -4 - (3 - -3).
1
What is (1 + 0 - -6) + (28 - 39)?
-4
Calculate (-2 - (-3 - -2)) + 1 - -4.
4
Calculate -1 - (4 + (5 - (-2 + 10))).
-2
What is 1 - 7 - -2 - (-9 - -5)?
0
Evaluate 6 + -15 + 6 + -6 + 2.
-7
0 + 3 + (2 - 1)
4
What is the value of -6 - -3 - 0 - (7 + -6)?
-4
3 - (3 - -1 - 1)
0
What is the value of 0 + (-4 - (-1 + -1) - 0)?
-2
-3 + (10 - -5) + (-1 - 5)
6
What is the value of (2 - -1) + -9 + (3 - -3)?
0
-21 - -12 - (1 - 5)
-5
What is 0 + -8 - (35 + -41)?
-2
What is the value of -2 + 3 - 9 - (-7 + 4)?
-5
-3 + 0 + -4 + -5 + 7
-5
Evaluate -8 - (-4 + -1 + -3).
0
What is -4 - (-5 + (4 - -1))?
-4
What is -1 + -1 + 6 + (0 - 8)?
-4
What is the value of 6 + 2 + (-2 - 3)?
3
(28 - 31) + 0 + 7
4
Evaluate (-2 - -9) + -3 + 2.
6
Calculate 3 + 1 - (-5 + 9 + -7).
7
What is 3 + (-6 - (-3 - -3))?
-3
Calculate 2 - 1 - (3 - (4 - 10)).
-8
What is the value of -4 + (2 - (2 - 3))?
-1
Evaluate (0 - (0 + -1 + 6)) + 3.
-2
(-1 + 2 - 2 - 3) + 1
-3
What is the value of 5 + -4 + -2 + 0?
-1
Calculate (-4 - 0) + (4 - -1).
1
What is 0 + -2 + (-5 - (1 + -8))?
0
Calculate -5 + 2 + 8 + -1 + 1.
5
5 - 1 - (12 + -12 + -1)
5
0 + 6 - ((-2 - -6) + 7)
-5
What is -50 + 52 - (1 - (-1 - 3))?
-3
What is -2 + 4 + (-6 - -5)?
1
What is the value of -82 + 84 + (-1 - 0 - -2)?
3
Evaluate 3 + 8 + -18 - -3.
-4
Calculate -3 + (23 + -5 - 9).
6
Evaluate -8 - (-6 + 6) - -5.
-3
(17 - 9) + -3 + -7
-2
Calculate -11 - -9 - (2 + -3 + -4).
3
Evaluate -10 - (8 - 15) - (6 + -3).
-6
-2 + -2 + 2 - (0 + 3)
-5
4 - (2 + 0 + (13 - 8))
-3
What is the value of -2 - (-4 - (-13 + 10))?
-1
Evaluate 3 + -3 + 0 + -8 - -3.
-5
Evaluate -5 + 5 + 0 + -4.
-4
Evaluate -3 - ((1 - (-7 + 6)) + 2).
-7
Calculate -4 + (-1 - 5) + 10.
0
What is the value of 0 + 7 + -1 + -8?
-2
What is the value of 9 + 0 + 1 + -9?
1
What is the value of 6 + -8 + (-2 - (-1 + 2))?
-5
(-10 - -12) + 1 + 2
5
Calculate (-1 - (10 + -14)) + (-1 - 1).
1
5 - 6 - -8 - (0 + 2)
5
Calculate -26 + 30 + (1 - 4 - 2).
-1
What is the value of (-1 - 1) + -19 + 20?
-1
Calculate -9 - (2 + -16 + 2).
3
What is (0 + -4 - -8) + -6?
-2
(6 - (8 - 2)) + (-4 - -10)
6
Evaluate -12 - (2 + -4) - -2.
-8
Calculate (7 - 6 - -7) + -6.
2
Calculate (2 - 5) + -2 + 4.
-1
2 - 1 - (6 - (6 + -11))
-10
What is 2 + 1 + 5 + 3 + -15?
-4
What is the value of 2 + -3 + (6 - 9)?
-4
-4 + -1 + (0 - 0)
-5
Calculate (5 - (5 - 4)) + -2 - 4.
-2
Calculate (3 - (-2 - -4)) + (3 - 3).
1
What is the value of (-1 - 1) + 79 + -70?
7
What is (-4 - (-5 + 4)) + 0 + 4?
1
Calculate 8 - (13 + -4 - 4).
3
-1 - -1 - 5 - -8
3
(0 - 0) + 0 + -53 + 57
4
What is 11 - (-3 + (0 - -11))?
3
2 + (0 - (10 - 6))
-2
Evaluate -5 + (-5 - -7) + 1.
-2
(-3 + 4 - 6) + 4 + -1
-2
Calculate (-2 - (-3 + 3)) + 4.
2
What is 0 - 1 - (-2 - -4)?
-3
Calculate -3 - (-3 + (-8 - -10)).
-2
Calculate -5 - (-1 + -3 + -2) - -7.
8
-1 - (-5 + (0 - (-1 - 1)))
2
What is 1 - (-1 - -3) - (-59 - -54)?
4
1 + 2 - ((2 - 7) + 3)
5
What is -1 - 1 - (-7 + 4) - -7?
8
Calculate 0 - (1 - 0) - (-4 - -2).
1
Calculate 0 + 1 + 1 - (4 + 3).
-5
What is the value of -3 + (-4 + -1 - (10 - 15))?
-3
Calculate 6 - (2 + 5) - (2 + -2).
-1
Calculate (5 - (1 + 6 - -2)) + 7.
3
Evaluate -17 - (-12 + -7 + 9).
-7
What is the value of -3 + (0 - -5 - 5)?
-3
What is the value of -3 + (0 + -3 - -9) + 2?
5
What is -2 + -5 + 4 - 0?
-3
What is the value of 1 - (-9 + 7 - 1)?
4
What is -13 + -3 + -1 + 6 + 0?
-11
What is (-2 - -3) + (-33 - -28) - -5?
1
Calculate -2 + (4 - 3) + -1.
-2
1 + 1 - (-2 + (4 - 6))
6
What is the value of -3 - (6 + (1 - -2) - 5)?
-7
Calculate -1 + -1 + (21 - 14).
5
What is 8 + -3 + -3 + 6 + -3?
5
5 - ((-2 - -5) + 7)
-5
Evaluate -6 - (-18 - -11) - (-4 + 1).
4
Calculate (4 - 10) + (7 - 5 - 0).
-4
-3 - (-1 - 0) - -4
2
What is the value of 9 + -5 + (-5 - -1)?
0
What is the value of 1 - (-6 - -1 - (-7 - 4))?
-5
What is the value of 0 + (1 - 0) - 6?
-5
Calculate -7 + 10 + (-5 - 1).
-3
(8 - 7) + -1 + 1
1
Evaluate 5 + -3 + 2 + -3.
1
0 - (-2 + 3 + -3) - 0
2
What is 1 + (6 - 2) - 2?
3
-3 + 6 + (3 - (4 - -1))
1
What is the value of -7 + 2 - (-1 + (-5 - -6))?
-5
Evaluate 9 + 1 + -7 + -2 + 1.
2
Evaluate -6 + 0 + 0 - 2.
-8
What is the value of -2 - (4 - 5 - -4 - 5)?
0
What is 4 + -3 + -4 - -6?
3
0 + (-5 - -5) - (3 - 9)
6
Evaluate 2 + (-2 - (-6 + -3)).
9
Evaluate -13 + -3 + 2 + 11.
-3
Evaluate 3 + (5 - 1) - (12 + -14).
9
What is the value of (5 - ((-10 - -8) + 7)) + 5?
5
-7 + 3 + (9 - 9) + 2
-2
What is 6 - (-5 + 9) - (1 - 4)?
5
What is the value of (6 - (2 + 4)) + 0 + 1?
1
What is -1 - (-3 - (2 - 3))?
1
-19 + 23 + -1 + (-8 - -1)
-4
Evaluate 4 + -5 + -6 + 3 + 0.
-4
What is the value of 6 + (-5 - ((-2 - 4) + 6))?
1
Calculate 4 + (18 + -18 - (5 - 1)).
0
Calculate 9 + (4 - (7 - 0)).
6
Calculate -3 - ((-2 - 0) + -1) - -4.
4
-2 + (-11 - -5) + 14
6
Calculate (-5 - -12 - -9) + -11.
5
What is -2 + (2 - (3 - 4))?
1
Evaluate 0 + 4 - (10 - (-9 + 20)).
5
-9 + (-1 - -5) + 3
-2
What is the value of -20 + 7 + 9 + (-1 - 1)?
-6
Evaluate 2 + -10 + (-5 - (-6 - 3)).
-4
Calculate 2 - (6 + -3 + -1).
0
What is the value of (-11 - -13) + -8 + 1?
-5
8 + (-1 - -7) + -41 + 36
9
-6 - (-2 - (10 - 6))
0
Calculate -8 - ((-15 - 3 - -2) + -3).
11
What is the value of (14 - (3 + 4 + 0)) + -7?
0
Calculate -8 + 6 - (-2 + 1).
-1
Calculate 6 - (9 - (-5 - -11)) - 0.
3
What is the value of 5 + 0 - (2 + 3 + -5)?
5
What is the value of -6 - (-2 + 9 + -28 + 21)?
-6
(4 - (-6 - -16)) + 1
-5
Calculate 0 - (-6 + 8 - (1 + -5)).
-6
What is the value of -2 + 1 + (-6 - -12) - 3?
2
What is -3 + -2 + (4 - 1) + 0?
-2
Calculate (-11 - 0) + (-107 - -112).
-6
Evaluate -2 + (-1 - -5) + (1 - 5).
-2
Eva